{"id":1883,"date":"2018-04-29T14:06:01","date_gmt":"2018-04-29T12:06:01","guid":{"rendered":"https:\/\/missbowel.com\/?post_type=product&#038;p=1883"},"modified":"2026-04-28T19:16:08","modified_gmt":"2026-04-28T17:16:08","slug":"cuento-el-viaje-de-crohn-2","status":"publish","type":"product","link":"https:\/\/missbowel.com\/en\/product\/cuento-el-viaje-de-crohn-2\/","title":{"rendered":"Cuento EL VIAJE DE CROHN"},"content":{"rendered":"<p>EL Viaje de Crohn es un cuento creado para dar visibilidad a las Enfermedades Inflamatorias Intestinales. \u00a0Una enfermedad que crece cada a\u00f1o y que afecta cada vez m\u00e1s a ni\u00f1os menores de 15 a\u00f1os.<\/p>\n<p>Un cuento m\u00e1gico que te transporta a trav\u00e9s de la vida de Niko, su protagonista, a un mundo duro y real pero lleno de esperanza.<\/p>\n<p>Escrito por Laura Mar\u00edn, enfermera especializada en este tipo de patolog\u00edas e ilustrado por In\u00e9s Valls, pintora. \u00a0Laura e In\u00e9s padecen como Niko la enfermedad de Crohn. Ambas son pura energ\u00eda y forman un verdadero t\u00e1ndem como ejemplo de superaci\u00f3n. Escucharlas hablando del proyecto es una maravilla y sin duda transmiten las ganas y la ilusi\u00f3n con las que ellas han creado su cuento.\u00a0<\/p>\n<p>Han sido noticia en varios medios de comunicaci\u00f3n, radio, prensa y televisi\u00f3n e invitadas a hablar en inaugurar diversos actos. Sin duda un ejemplo de vida que os invitamos a conocer.<\/p>\n<p><span style=\"color: #000080;\">YA LA SEGUNDA EDICION (donaci\u00f3n de un 15% de las ventas)<\/span><\/p>\n<p><span style=\"color: #000080;\">Todo lo recaudado en la primera edici\u00f3n fue donado al Instituto de investigaci\u00f3n del Hospital Germans Trias i Pujol<\/span><\/p>\n<p>&nbsp;<\/p>\n<p>http:\/\/www.lavanguardia.com\/vida\/20170327\/421238448961\/hacen-un-cuento-solidario-para-ninos-que-padecen-la-enfermedad-de-crohn.html<\/p>\n<p>https:\/\/www.elperiodico.com\/es\/sociedad\/20170327\/hacen-un-cuento-solidario-para-ninos-que-padecen-la-enfermedad-de-crohn-5930398<\/p>\n<p>http:\/\/agencias.abc.es\/agencias\/noticia.asp?noticia=2457859<\/p>\n<p>http:\/\/play.cadenaser.com\/audio\/1494238354_564241\/<\/p>\n<p>http:\/\/www.rtve.es\/alacarta\/audios\/gente-despierta\/viaje-crohn-verkami-zona-obras\/3962641\/<\/p>\n<p>http:\/\/www.laverdad.es\/salud\/intestino-estalactita-viaje-crohn-20170923184054-ntrc.html<\/p>\n<p>https:\/\/www.ostelea.com\/es\/actualidad\/noticias\/presentacion-del-libro-viaje-crohn-evento-con-exito-organizado-por-alumnas-del-mice-colaboracion-con<\/p>\n<p>http:\/\/www.academia.cat\/files\/204-6041-FITXER\/ElViajedeCrohn.pdf<\/p>\n<p><span style=\"text-decoration: underline;\"><strong>LIBRER\u00cdAS<\/strong><\/span><\/p>\n<p><strong>Madrid<\/strong><\/p>\n<p>TROA. C\/ Serrano n. 80 https:\/\/www.troa.es\/libro\/el-viaje-de-crohn_929334<\/p>\n<p><strong>Barcelona<\/strong><\/p>\n<p>FUNDACI\u00d3 MIR\u00d3<\/p>\n<p>LAIE.\u00a0https:\/\/www.laie.es\/libro\/el-viaje-de-crohn\/1229011\/978-84-16732-71-5<\/p>\n<p>LA PETITA<\/p>\n<p>ABRAKADABRA.\u00a0Carrer del General \u00c1lvarez de Castro,n.5<\/p>\n<p>LIBRER\u00cdA HOSPITAL DE BARCELONA<\/p>\n<p><strong>Valencia<\/strong><\/p>\n<div>LLIBRERIA SAMAURC.\u00a0C\/ Sant Josep de Calassan\u00e7, 11.\u00a0\u00a0Algemes\u00ed<\/div>","protected":false},"excerpt":{"rendered":"<p>Cuento Solidario El Viaje de Crohn<\/p>\n<p>Narra la historia de Niko, un ni\u00f1o real, diagnosticado de Crohn a los 11 a\u00f1os. Un cuento precioso, real y lleno de esperanza.<\/p>","protected":false},"featured_media":444,"comment_status":"open","ping_status":"closed","template":"","meta":[],"product_brand":[],"product_cat":[84,33],"product_tag":[],"class_list":{"0":"post-1883","1":"product","2":"type-product","3":"status-publish","4":"has-post-thumbnail","6":"product_cat-e-books","7":"product_cat-producto-solidario","9":"first","10":"instock","11":"taxable","12":"shipping-taxable","13":"purchasable","14":"product-type-simple"},"yoast_head":"<!-- This site is optimized with the Yoast SEO plugin v26.5 - https:\/\/yoast.com\/wordpress\/plugins\/seo\/ -->\n<title>Cuento solidario &quot;El viaje de Crohn&quot; | Laura Mar\u00edn - In\u00e9s Valls<\/title>\n<meta name=\"robots\" content=\"index, follow, max-snippet:-1, max-image-preview:large, max-video-preview:-1\" \/>\n<link rel=\"canonical\" href=\"https:\/\/missbowel.com\/en\/product\/cuento-el-viaje-de-crohn-2\/\" \/>\n<meta property=\"og:locale\" content=\"en_GB\" \/>\n<meta property=\"og:type\" content=\"article\" \/>\n<meta property=\"og:title\" content=\"Cuento solidario &quot;El viaje de Crohn&quot; | Laura Mar\u00edn - In\u00e9s Valls\" \/>\n<meta property=\"og:description\" content=\"Cuento Solidario El Viaje de Crohn Narra la historia de Niko, un ni\u00f1o real, diagnosticado de Crohn a los 11 a\u00f1os. Un cuento precioso, real y lleno de esperanza.\" \/>\n<meta property=\"og:url\" content=\"https:\/\/missbowel.com\/en\/product\/cuento-el-viaje-de-crohn-2\/\" \/>\n<meta property=\"og:site_name\" content=\"Miss Bowel\" \/>\n<meta property=\"article:modified_time\" content=\"2026-04-28T17:16:08+00:00\" \/>\n<meta property=\"og:image\" content=\"https:\/\/missbowel.com\/wp-content\/uploads\/Cuento-solidario-el-viaje-de-crohn.jpg\" \/>\n\t<meta property=\"og:image:width\" content=\"697\" \/>\n\t<meta property=\"og:image:height\" content=\"693\" \/>\n\t<meta property=\"og:image:type\" content=\"image\/jpeg\" \/>\n<meta name=\"twitter:card\" content=\"summary_large_image\" \/>\n<meta name=\"twitter:label1\" content=\"Estimated reading time\" \/>\n\t<meta name=\"twitter:data1\" content=\"2 minutes\" \/>\n<script type=\"application\/ld+json\" class=\"yoast-schema-graph\">{\"@context\":\"https:\/\/schema.org\",\"@graph\":[{\"@type\":\"WebPage\",\"@id\":\"https:\/\/missbowel.com\/producto\/cuento-el-viaje-de-crohn-2\/\",\"url\":\"https:\/\/missbowel.com\/producto\/cuento-el-viaje-de-crohn-2\/\",\"name\":\"Cuento solidario \\\"El viaje de Crohn\\\" | Laura Mar\u00edn - In\u00e9s Valls\",\"isPartOf\":{\"@id\":\"https:\/\/missbowel.com\/#website\"},\"primaryImageOfPage\":{\"@id\":\"https:\/\/missbowel.com\/producto\/cuento-el-viaje-de-crohn-2\/#primaryimage\"},\"image\":{\"@id\":\"https:\/\/missbowel.com\/producto\/cuento-el-viaje-de-crohn-2\/#primaryimage\"},\"thumbnailUrl\":\"https:\/\/missbowel.com\/wp-content\/uploads\/Cuento-solidario-el-viaje-de-crohn.jpg\",\"datePublished\":\"2018-04-29T12:06:01+00:00\",\"dateModified\":\"2026-04-28T17:16:08+00:00\",\"breadcrumb\":{\"@id\":\"https:\/\/missbowel.com\/producto\/cuento-el-viaje-de-crohn-2\/#breadcrumb\"},\"inLanguage\":\"en-GB\",\"potentialAction\":[{\"@type\":\"ReadAction\",\"target\":[\"https:\/\/missbowel.com\/producto\/cuento-el-viaje-de-crohn-2\/\"]}]},{\"@type\":\"ImageObject\",\"inLanguage\":\"en-GB\",\"@id\":\"https:\/\/missbowel.com\/producto\/cuento-el-viaje-de-crohn-2\/#primaryimage\",\"url\":\"https:\/\/missbowel.com\/wp-content\/uploads\/Cuento-solidario-el-viaje-de-crohn.jpg\",\"contentUrl\":\"https:\/\/missbowel.com\/wp-content\/uploads\/Cuento-solidario-el-viaje-de-crohn.jpg\",\"width\":697,\"height\":693,\"caption\":\"Cuento solidario \\\"El Viaje de Crohn\\\"\"},{\"@type\":\"BreadcrumbList\",\"@id\":\"https:\/\/missbowel.com\/producto\/cuento-el-viaje-de-crohn-2\/#breadcrumb\",\"itemListElement\":[{\"@type\":\"ListItem\",\"position\":1,\"name\":\"Portada\",\"item\":\"https:\/\/missbowel.com\/\"},{\"@type\":\"ListItem\",\"position\":2,\"name\":\"Tienda ostom\u00edas\",\"item\":\"https:\/\/missbowel.com\/tienda-ostomias\/\"},{\"@type\":\"ListItem\",\"position\":3,\"name\":\"Cuento EL VIAJE DE CROHN\"}]},{\"@type\":\"WebSite\",\"@id\":\"https:\/\/missbowel.com\/#website\",\"url\":\"https:\/\/missbowel.com\/\",\"name\":\"Miss Bowel\",\"description\":\"Productos para ostomias\",\"potentialAction\":[{\"@type\":\"SearchAction\",\"target\":{\"@type\":\"EntryPoint\",\"urlTemplate\":\"https:\/\/missbowel.com\/?s={search_term_string}\"},\"query-input\":{\"@type\":\"PropertyValueSpecification\",\"valueRequired\":true,\"valueName\":\"search_term_string\"}}],\"inLanguage\":\"en-GB\"}]}<\/script>\n<!-- \/ Yoast SEO plugin. -->","yoast_head_json":{"title":"Cuento solidario \"El viaje de Crohn\" | Laura Mar\u00edn - In\u00e9s Valls","robots":{"index":"index","follow":"follow","max-snippet":"max-snippet:-1","max-image-preview":"max-image-preview:large","max-video-preview":"max-video-preview:-1"},"canonical":"https:\/\/missbowel.com\/en\/product\/cuento-el-viaje-de-crohn-2\/","og_locale":"en_GB","og_type":"article","og_title":"Cuento solidario \"El viaje de Crohn\" | Laura Mar\u00edn - In\u00e9s Valls","og_description":"Cuento Solidario El Viaje de Crohn Narra la historia de Niko, un ni\u00f1o real, diagnosticado de Crohn a los 11 a\u00f1os. Un cuento precioso, real y lleno de esperanza.","og_url":"https:\/\/missbowel.com\/en\/product\/cuento-el-viaje-de-crohn-2\/","og_site_name":"Miss Bowel","article_modified_time":"2026-04-28T17:16:08+00:00","og_image":[{"width":697,"height":693,"url":"https:\/\/missbowel.com\/wp-content\/uploads\/Cuento-solidario-el-viaje-de-crohn.jpg","type":"image\/jpeg"}],"twitter_card":"summary_large_image","twitter_misc":{"Estimated reading time":"2 minutes"},"schema":{"@context":"https:\/\/schema.org","@graph":[{"@type":"WebPage","@id":"https:\/\/missbowel.com\/producto\/cuento-el-viaje-de-crohn-2\/","url":"https:\/\/missbowel.com\/producto\/cuento-el-viaje-de-crohn-2\/","name":"Cuento solidario \"El viaje de Crohn\" | Laura Mar\u00edn - In\u00e9s Valls","isPartOf":{"@id":"https:\/\/missbowel.com\/#website"},"primaryImageOfPage":{"@id":"https:\/\/missbowel.com\/producto\/cuento-el-viaje-de-crohn-2\/#primaryimage"},"image":{"@id":"https:\/\/missbowel.com\/producto\/cuento-el-viaje-de-crohn-2\/#primaryimage"},"thumbnailUrl":"https:\/\/missbowel.com\/wp-content\/uploads\/Cuento-solidario-el-viaje-de-crohn.jpg","datePublished":"2018-04-29T12:06:01+00:00","dateModified":"2026-04-28T17:16:08+00:00","breadcrumb":{"@id":"https:\/\/missbowel.com\/producto\/cuento-el-viaje-de-crohn-2\/#breadcrumb"},"inLanguage":"en-GB","potentialAction":[{"@type":"ReadAction","target":["https:\/\/missbowel.com\/producto\/cuento-el-viaje-de-crohn-2\/"]}]},{"@type":"ImageObject","inLanguage":"en-GB","@id":"https:\/\/missbowel.com\/producto\/cuento-el-viaje-de-crohn-2\/#primaryimage","url":"https:\/\/missbowel.com\/wp-content\/uploads\/Cuento-solidario-el-viaje-de-crohn.jpg","contentUrl":"https:\/\/missbowel.com\/wp-content\/uploads\/Cuento-solidario-el-viaje-de-crohn.jpg","width":697,"height":693,"caption":"Cuento solidario \"El Viaje de Crohn\""},{"@type":"BreadcrumbList","@id":"https:\/\/missbowel.com\/producto\/cuento-el-viaje-de-crohn-2\/#breadcrumb","itemListElement":[{"@type":"ListItem","position":1,"name":"Portada","item":"https:\/\/missbowel.com\/"},{"@type":"ListItem","position":2,"name":"Tienda ostom\u00edas","item":"https:\/\/missbowel.com\/tienda-ostomias\/"},{"@type":"ListItem","position":3,"name":"Cuento EL VIAJE DE CROHN"}]},{"@type":"WebSite","@id":"https:\/\/missbowel.com\/#website","url":"https:\/\/missbowel.com\/","name":"Miss Bowel","description":"Productos para ostomias","potentialAction":[{"@type":"SearchAction","target":{"@type":"EntryPoint","urlTemplate":"https:\/\/missbowel.com\/?s={search_term_string}"},"query-input":{"@type":"PropertyValueSpecification","valueRequired":true,"valueName":"search_term_string"}}],"inLanguage":"en-GB"}]}},"_links":{"self":[{"href":"https:\/\/missbowel.com\/en\/wp-json\/wp\/v2\/product\/1883","targetHints":{"allow":["GET"]}}],"collection":[{"href":"https:\/\/missbowel.com\/en\/wp-json\/wp\/v2\/product"}],"about":[{"href":"https:\/\/missbowel.com\/en\/wp-json\/wp\/v2\/types\/product"}],"replies":[{"embeddable":true,"href":"https:\/\/missbowel.com\/en\/wp-json\/wp\/v2\/comments?post=1883"}],"wp:featuredmedia":[{"embeddable":true,"href":"https:\/\/missbowel.com\/en\/wp-json\/wp\/v2\/media\/444"}],"wp:attachment":[{"href":"https:\/\/missbowel.com\/en\/wp-json\/wp\/v2\/media?parent=1883"}],"wp:term":[{"taxonomy":"product_brand","embeddable":true,"href":"https:\/\/missbowel.com\/en\/wp-json\/wp\/v2\/product_brand?post=1883"},{"taxonomy":"product_cat","embeddable":true,"href":"https:\/\/missbowel.com\/en\/wp-json\/wp\/v2\/product_cat?post=1883"},{"taxonomy":"product_tag","embeddable":true,"href":"https:\/\/missbowel.com\/en\/wp-json\/wp\/v2\/product_tag?post=1883"}],"curies":[{"name":"wp","href":"https:\/\/api.w.org\/{rel}","templated":true}]}}

<p>EL Viaje de Crohn es un cuento creado para dar visibilidad a las Enfermedades Inflamatorias Intestinales.  Una enfermedad que crece cada año y que afecta cada vez más a niños menores de 15 años.</p>
<p>Un cuento mágico que te transporta a través de la vida de Niko, su protagonista, a un mundo duro y real pero lleno de esperanza.</p>
<p>Escrito por Laura Marín, enfermera especializada en este tipo de patologías e ilustrado por Inés Valls, pintora.  Laura e Inés padecen como Niko la enfermedad de Crohn. Ambas son pura energía y forman un verdadero tándem como ejemplo de superación. Escucharlas hablando del proyecto es una maravilla y sin duda transmiten las ganas y la ilusión con las que ellas han creado su cuento. </p>
<p>Han sido noticia en varios medios de comunicación, radio, prensa y televisión e invitadas a hablar en inaugurar diversos actos. Sin duda un ejemplo de vida que os invitamos a conocer.</p>
<p><span style="color: #000080;">YA LA SEGUNDA EDICION (donación de un 15% de las ventas)</span></p>
<p><span style="color: #000080;">Todo lo recaudado en la primera edición fue donado al Instituto de investigación del Hospital Germans Trias i Pujol</span></p>
<p>&nbsp;</p>
<p>http://www.lavanguardia.com/vida/20170327/421238448961/hacen-un-cuento-solidario-para-ninos-que-padecen-la-enfermedad-de-crohn.html</p>
<p>https://www.elperiodico.com/es/sociedad/20170327/hacen-un-cuento-solidario-para-ninos-que-padecen-la-enfermedad-de-crohn-5930398</p>
<p>http://agencias.abc.es/agencias/noticia.asp?noticia=2457859</p>
<p>http://play.cadenaser.com/audio/1494238354_564241/</p>
<p>http://www.rtve.es/alacarta/audios/gente-despierta/viaje-crohn-verkami-zona-obras/3962641/</p>
<p>http://www.laverdad.es/salud/intestino-estalactita-viaje-crohn-20170923184054-ntrc.html</p>
<p>https://www.ostelea.com/es/actualidad/noticias/presentacion-del-libro-viaje-crohn-evento-con-exito-organizado-por-alumnas-del-mice-colaboracion-con</p>
<p>http://www.academia.cat/files/204-6041-FITXER/ElViajedeCrohn.pdf</p>
<p><span style="text-decoration: underline;"><strong>LIBRERÍAS</strong></span></p>
<p><strong>Madrid</strong></p>
<p>TROA. C/ Serrano n. 80 https://www.troa.es/libro/el-viaje-de-crohn_929334</p>
<p><strong>Barcelona</strong></p>
<p>FUNDACIÓ MIRÓ</p>
<p>LAIE. https://www.laie.es/libro/el-viaje-de-crohn/1229011/978-84-16732-71-5</p>
<p>LA PETITA</p>
<p>ABRAKADABRA. Carrer del General Álvarez de Castro,n.5</p>
<p>LIBRERÍA HOSPITAL DE BARCELONA</p>
<p><strong>Valencia</strong></p>
<div>LLIBRERIA SAMAURC. C/ Sant Josep de Calassanç, 11.  Algemesí</div>

<p>Cuento Solidario El Viaje de Crohn</p>
<p>Narra la historia de Niko, un niño real, diagnosticado de Crohn a los 11 años. Un cuento precioso, real y lleno de esperanza.</p>

<!-- This site is optimized with the Yoast SEO plugin v26.5 - https://yoast.com/wordpress/plugins/seo/ -->
<title>Cuento solidario &quot;El viaje de Crohn&quot; | Laura Marín - Inés Valls</title>
<meta name="robots" content="index, follow, max-snippet:-1, max-image-preview:large, max-video-preview:-1" />
<link rel="canonical" href="https://missbowel.com/en/product/cuento-el-viaje-de-crohn-2/" />
<meta property="og:locale" content="en_GB" />
<meta property="og:type" content="article" />
<meta property="og:title" content="Cuento solidario &quot;El viaje de Crohn&quot; | Laura Marín - Inés Valls" />
<meta property="og:description" content="Cuento Solidario El Viaje de Crohn Narra la historia de Niko, un niño real, diagnosticado de Crohn a los 11 años. Un cuento precioso, real y lleno de esperanza." />
<meta property="og:url" content="https://missbowel.com/en/product/cuento-el-viaje-de-crohn-2/" />
<meta property="og:site_name" content="Miss Bowel" />
<meta property="article:modified_time" content="2026-04-28T17:16:08+00:00" />
<meta property="og:image" content="https://missbowel.com/wp-content/uploads/Cuento-solidario-el-viaje-de-crohn.jpg" />
	<meta property="og:image:width" content="697" />
	<meta property="og:image:height" content="693" />
	<meta property="og:image:type" content="image/jpeg" />
<meta name="twitter:card" content="summary_large_image" />
<meta name="twitter:label1" content="Estimated reading time" />
	<meta name="twitter:data1" content="2 minutes" />
<script type="application/ld+json" class="yoast-schema-graph">{"@context":"https://schema.org","@graph":[{"@type":"WebPage","@id":"https://missbowel.com/producto/cuento-el-viaje-de-crohn-2/","url":"https://missbowel.com/producto/cuento-el-viaje-de-crohn-2/","name":"Cuento solidario \"El viaje de Crohn\" | Laura Marín - Inés Valls","isPartOf":{"@id":"https://missbowel.com/#website"},"primaryImageOfPage":{"@id":"https://missbowel.com/producto/cuento-el-viaje-de-crohn-2/#primaryimage"},"image":{"@id":"https://missbowel.com/producto/cuento-el-viaje-de-crohn-2/#primaryimage"},"thumbnailUrl":"https://missbowel.com/wp-content/uploads/Cuento-solidario-el-viaje-de-crohn.jpg","datePublished":"2018-04-29T12:06:01+00:00","dateModified":"2026-04-28T17:16:08+00:00","breadcrumb":{"@id":"https://missbowel.com/producto/cuento-el-viaje-de-crohn-2/#breadcrumb"},"inLanguage":"en-GB","potentialAction":[{"@type":"ReadAction","target":["https://missbowel.com/producto/cuento-el-viaje-de-crohn-2/"]}]},{"@type":"ImageObject","inLanguage":"en-GB","@id":"https://missbowel.com/producto/cuento-el-viaje-de-crohn-2/#primaryimage","url":"https://missbowel.com/wp-content/uploads/Cuento-solidario-el-viaje-de-crohn.jpg","contentUrl":"https://missbowel.com/wp-content/uploads/Cuento-solidario-el-viaje-de-crohn.jpg","width":697,"height":693,"caption":"Cuento solidario \"El Viaje de Crohn\""},{"@type":"BreadcrumbList","@id":"https://missbowel.com/producto/cuento-el-viaje-de-crohn-2/#breadcrumb","itemListElement":[{"@type":"ListItem","position":1,"name":"Portada","item":"https://missbowel.com/"},{"@type":"ListItem","position":2,"name":"Tienda ostomías","item":"https://missbowel.com/tienda-ostomias/"},{"@type":"ListItem","position":3,"name":"Cuento EL VIAJE DE CROHN"}]},{"@type":"WebSite","@id":"https://missbowel.com/#website","url":"https://missbowel.com/","name":"Miss Bowel","description":"Productos para ostomias","potentialAction":[{"@type":"SearchAction","target":{"@type":"EntryPoint","urlTemplate":"https://missbowel.com/?s={search_term_string}"},"query-input":{"@type":"PropertyValueSpecification","valueRequired":true,"valueName":"search_term_string"}}],"inLanguage":"en-GB"}]}</script>
<!-- / Yoast SEO plugin. -->

Cuento solidario "El viaje de Crohn" | Laura Marín - Inés Valls

Cuento Solidario El Viaje de Crohn Narra la historia de Niko, un niño real, diagnosticado de Crohn a los 11 años. Un cuento precioso, real y lleno de esperanza.

Tienda ostomías
